{"id":5770,"date":"2025-09-24T14:02:30","date_gmt":"2025-09-24T17:02:30","guid":{"rendered":"https:\/\/etecjardimangela.com.br\/teste\/?page_id=5770"},"modified":"2025-10-02T13:25:58","modified_gmt":"2025-10-02T16:25:58","slug":"logar","status":"publish","type":"page","link":"https:\/\/etecjardimangela.com.br\/2\/logar\/","title":{"rendered":"Logar"},"content":{"rendered":"\t\t<div data-elementor-type=\"wp-page\" data-elementor-id=\"5770\" class=\"elementor elementor-5770\" data-elementor-post-type=\"page\">\n\t\t\t\t<div class=\"elementor-element elementor-element-7be37d7 e-flex e-con-boxed e-con e-parent\" data-id=\"7be37d7\" data-element_type=\"container\" data-settings=\"{&quot;background_background&quot;:&quot;classic&quot;}\">\n\t\t\t\t\t<div class=\"e-con-inner\">\n\t\t\t\t<div class=\"elementor-element elementor-element-e1e5366 elementor-widget elementor-widget-spacer\" data-id=\"e1e5366\" data-element_type=\"widget\" data-widget_type=\"spacer.default\">\n\t\t\t\t\t\t\t<div class=\"elementor-spacer\">\n\t\t\t<div class=\"elementor-spacer-inner\"><\/div>\n\t\t<\/div>\n\t\t\t\t\t\t<\/div>\n\t\t\t\t<div class=\"elementor-element elementor-element-0d47cfb elementor-widget elementor-widget-shortcode\" data-id=\"0d47cfb\" data-element_type=\"widget\" data-widget_type=\"shortcode.default\">\n\t\t\t\t\t\t\t<div class=\"elementor-shortcode\">    \r\n    <form id=\"formulario-login-publico\" class=\"formulario-login\" method=\"post\" action=\"https:\/\/etecjardimangela.com.br\/2\/wp-admin\/admin-post.php\">\r\n        <input type=\"hidden\" name=\"action\" value=\"processar_login_publico\">\r\n        <input type=\"hidden\" name=\"formulario_login_nonce\" value=\"facbcee460\">\r\n\r\n        <h3 class=\"titulo-formulario\">Entrar no Sistema<\/h3>\r\n\r\n        <div class=\"grupo-formulario\">\r\n            <label for=\"nome-login\">Usu\u00e1rio ou Email<\/label>\r\n            <input type=\"text\" id=\"nome-login\" name=\"nome-login\" required placeholder=\"Digite seu usu\u00e1rio\">\r\n        <\/div>\r\n\r\n        <div class=\"grupo-formulario\">\r\n            <label for=\"senha-login\">Senha<\/label>\r\n            <div class=\"input-senha-wrapper\">\r\n                <input type=\"password\" id=\"senha-login\" name=\"senha-login\" required placeholder=\"Digite sua senha\">\r\n                \r\n                <button type=\"button\" id=\"btn-ver-senha\" class=\"btn-toggle-senha\" aria-label=\"Mostrar senha\" tabindex=\"-1\">\r\n                    <svg class=\"icone-olho\" width=\"20\" height=\"20\" viewBox=\"0 0 24 24\" fill=\"none\" stroke=\"currentColor\" stroke-width=\"2\" stroke-linecap=\"round\" stroke-linejoin=\"round\">\r\n                        <path d=\"M1 12s4-8 11-8 11 8 11 8-4 8-11 8-11-8-11-8z\"><\/path>\r\n                        <circle cx=\"12\" cy=\"12\" r=\"3\"><\/circle>\r\n                    <\/svg>\r\n                <\/button>\r\n            <\/div>\r\n        <\/div>\r\n\r\n        <div class=\"grupo-lembrar\">\r\n            <label class=\"label-lembrar\">\r\n                <input type=\"checkbox\" name=\"lembrar_me\" value=\"1\"> \r\n                <span>Lembrar de mim<\/span>\r\n            <\/label>\r\n        <\/div>\r\n\r\n        <div class=\"acoes-formulario\">\r\n            <button type=\"submit\" class=\"botao-enviar\">\r\n                <span class=\"texto-botao\">Entrar<\/span>\r\n            <\/button>\r\n        <\/div>\r\n    <\/form>\r\n\r\n    <script>\r\n    document.addEventListener('DOMContentLoaded', function() {\r\n        const btnSenha = document.getElementById('btn-ver-senha');\r\n        const inputSenha = document.getElementById('senha-login');\r\n        \r\n        if(btnSenha && inputSenha) {\r\n            btnSenha.addEventListener('click', function(e) {\r\n                \/\/ Evita comportamento padr\u00e3o que tira o foco\r\n                e.preventDefault(); \r\n                \r\n                \/\/ Alterna o tipo do input (senha <-> texto)\r\n                const tipoAtual = inputSenha.getAttribute('type');\r\n                const novoTipo = tipoAtual === 'password' ? 'text' : 'password';\r\n                inputSenha.setAttribute('type', novoTipo);\r\n                \r\n                \/\/ Alterna classe visual do bot\u00e3o\r\n                this.classList.toggle('ativo');\r\n\r\n                \/\/ CORRE\u00c7\u00c3O CRUCIAL: Devolve o foco imediatamente para o input\r\n                \/\/ Isso impede que o texto fique \"invis\u00edvel\" at\u00e9 digitar\r\n                inputSenha.focus();\r\n            });\r\n        }\r\n    });\r\n    <\/script>\r\n    <\/div>\n\t\t\t\t\t\t<\/div>\n\t\t\t\t\t<\/div>\n\t\t\t\t<\/div>\n\t\t\t\t<\/div>\n\t\t","protected":false},"excerpt":{"rendered":"","protected":false},"author":5,"featured_media":0,"parent":0,"menu_order":0,"comment_status":"closed","ping_status":"closed","template":"elementor_header_footer","meta":{"_acf_changed":false,"footnotes":""},"class_list":["post-5770","page","type-page","status-publish","hentry"],"acf":[],"yoast_head":"<!-- This site is optimized with the Yoast SEO plugin v26.5 - https:\/\/yoast.com\/wordpress\/plugins\/seo\/ -->\n<title>Logar - Etec Jardim \u00c2ngela<\/title>\n<meta name=\"robots\" content=\"index, follow, max-snippet:-1, max-image-preview:large, max-video-preview:-1\" \/>\n<link rel=\"canonical\" href=\"https:\/\/etecjardimangela.com.br\/2\/logar\/\" \/>\n<meta property=\"og:locale\" content=\"pt_BR\" \/>\n<meta property=\"og:type\" content=\"article\" \/>\n<meta property=\"og:title\" content=\"Logar - Etec Jardim \u00c2ngela\" \/>\n<meta property=\"og:url\" content=\"https:\/\/etecjardimangela.com.br\/2\/logar\/\" \/>\n<meta property=\"og:site_name\" content=\"Etec Jardim \u00c2ngela\" \/>\n<meta property=\"article:publisher\" content=\"https:\/\/www.facebook.com\/etecja\/\" \/>\n<meta property=\"article:modified_time\" content=\"2025-10-02T16:25:58+00:00\" \/>\n<meta property=\"og:image\" content=\"https:\/\/etecjardimangela.com.br\/2\/wp-content\/uploads\/2025\/09\/escola.png\" \/>\n\t<meta property=\"og:image:width\" content=\"834\" \/>\n\t<meta property=\"og:image:height\" content=\"611\" \/>\n\t<meta property=\"og:image:type\" content=\"image\/png\" \/>\n<meta name=\"twitter:card\" content=\"summary_large_image\" \/>\n<script type=\"application\/ld+json\" class=\"yoast-schema-graph\">{\"@context\":\"https:\/\/schema.org\",\"@graph\":[{\"@type\":\"WebPage\",\"@id\":\"https:\/\/etecjardimangela.com.br\/2\/logar\/\",\"url\":\"https:\/\/etecjardimangela.com.br\/2\/logar\/\",\"name\":\"Logar - Etec Jardim \u00c2ngela\",\"isPartOf\":{\"@id\":\"https:\/\/etecjardimangela.com.br\/2\/#website\"},\"datePublished\":\"2025-09-24T17:02:30+00:00\",\"dateModified\":\"2025-10-02T16:25:58+00:00\",\"breadcrumb\":{\"@id\":\"https:\/\/etecjardimangela.com.br\/2\/logar\/#breadcrumb\"},\"inLanguage\":\"pt-BR\",\"potentialAction\":[{\"@type\":\"ReadAction\",\"target\":[\"https:\/\/etecjardimangela.com.br\/2\/logar\/\"]}]},{\"@type\":\"BreadcrumbList\",\"@id\":\"https:\/\/etecjardimangela.com.br\/2\/logar\/#breadcrumb\",\"itemListElement\":[{\"@type\":\"ListItem\",\"position\":1,\"name\":\"In\u00edcio\",\"item\":\"https:\/\/etecjardimangela.com.br\/2\/\"},{\"@type\":\"ListItem\",\"position\":2,\"name\":\"Logar\"}]},{\"@type\":\"WebSite\",\"@id\":\"https:\/\/etecjardimangela.com.br\/2\/#website\",\"url\":\"https:\/\/etecjardimangela.com.br\/2\/\",\"name\":\"Etec Jardim \u00c2ngela\",\"description\":\"Escola  P\u00fablica de Ensino M\u00e9dio e T\u00e9cnico de Qualidade\",\"publisher\":{\"@id\":\"https:\/\/etecjardimangela.com.br\/2\/#organization\"},\"alternateName\":\"EtecJA\",\"potentialAction\":[{\"@type\":\"SearchAction\",\"target\":{\"@type\":\"EntryPoint\",\"urlTemplate\":\"https:\/\/etecjardimangela.com.br\/2\/?s={search_term_string}\"},\"query-input\":{\"@type\":\"PropertyValueSpecification\",\"valueRequired\":true,\"valueName\":\"search_term_string\"}}],\"inLanguage\":\"pt-BR\"},{\"@type\":\"Organization\",\"@id\":\"https:\/\/etecjardimangela.com.br\/2\/#organization\",\"name\":\"Etec Jardim \u00c2ngela\",\"url\":\"https:\/\/etecjardimangela.com.br\/2\/\",\"logo\":{\"@type\":\"ImageObject\",\"inLanguage\":\"pt-BR\",\"@id\":\"https:\/\/etecjardimangela.com.br\/2\/#\/schema\/logo\/image\/\",\"url\":\"https:\/\/etecjardimangela.com.br\/2\/wp-content\/uploads\/2025\/11\/Logo-Fundo-Mais-Claro.png\",\"contentUrl\":\"https:\/\/etecjardimangela.com.br\/2\/wp-content\/uploads\/2025\/11\/Logo-Fundo-Mais-Claro.png\",\"width\":2500,\"height\":1000,\"caption\":\"Etec Jardim \u00c2ngela\"},\"image\":{\"@id\":\"https:\/\/etecjardimangela.com.br\/2\/#\/schema\/logo\/image\/\"},\"sameAs\":[\"https:\/\/www.facebook.com\/etecja\/\",\"https:\/\/www.instagram.com\/etecja\/\"]}]}<\/script>\n<!-- \/ Yoast SEO plugin. -->","yoast_head_json":{"title":"Logar - Etec Jardim \u00c2ngela","robots":{"index":"index","follow":"follow","max-snippet":"max-snippet:-1","max-image-preview":"max-image-preview:large","max-video-preview":"max-video-preview:-1"},"canonical":"https:\/\/etecjardimangela.com.br\/2\/logar\/","og_locale":"pt_BR","og_type":"article","og_title":"Logar - Etec Jardim \u00c2ngela","og_url":"https:\/\/etecjardimangela.com.br\/2\/logar\/","og_site_name":"Etec Jardim \u00c2ngela","article_publisher":"https:\/\/www.facebook.com\/etecja\/","article_modified_time":"2025-10-02T16:25:58+00:00","og_image":[{"width":834,"height":611,"url":"https:\/\/etecjardimangela.com.br\/2\/wp-content\/uploads\/2025\/09\/escola.png","type":"image\/png"}],"twitter_card":"summary_large_image","schema":{"@context":"https:\/\/schema.org","@graph":[{"@type":"WebPage","@id":"https:\/\/etecjardimangela.com.br\/2\/logar\/","url":"https:\/\/etecjardimangela.com.br\/2\/logar\/","name":"Logar - Etec Jardim \u00c2ngela","isPartOf":{"@id":"https:\/\/etecjardimangela.com.br\/2\/#website"},"datePublished":"2025-09-24T17:02:30+00:00","dateModified":"2025-10-02T16:25:58+00:00","breadcrumb":{"@id":"https:\/\/etecjardimangela.com.br\/2\/logar\/#breadcrumb"},"inLanguage":"pt-BR","potentialAction":[{"@type":"ReadAction","target":["https:\/\/etecjardimangela.com.br\/2\/logar\/"]}]},{"@type":"BreadcrumbList","@id":"https:\/\/etecjardimangela.com.br\/2\/logar\/#breadcrumb","itemListElement":[{"@type":"ListItem","position":1,"name":"In\u00edcio","item":"https:\/\/etecjardimangela.com.br\/2\/"},{"@type":"ListItem","position":2,"name":"Logar"}]},{"@type":"WebSite","@id":"https:\/\/etecjardimangela.com.br\/2\/#website","url":"https:\/\/etecjardimangela.com.br\/2\/","name":"Etec Jardim \u00c2ngela","description":"Escola  P\u00fablica de Ensino M\u00e9dio e T\u00e9cnico de Qualidade","publisher":{"@id":"https:\/\/etecjardimangela.com.br\/2\/#organization"},"alternateName":"EtecJA","potentialAction":[{"@type":"SearchAction","target":{"@type":"EntryPoint","urlTemplate":"https:\/\/etecjardimangela.com.br\/2\/?s={search_term_string}"},"query-input":{"@type":"PropertyValueSpecification","valueRequired":true,"valueName":"search_term_string"}}],"inLanguage":"pt-BR"},{"@type":"Organization","@id":"https:\/\/etecjardimangela.com.br\/2\/#organization","name":"Etec Jardim \u00c2ngela","url":"https:\/\/etecjardimangela.com.br\/2\/","logo":{"@type":"ImageObject","inLanguage":"pt-BR","@id":"https:\/\/etecjardimangela.com.br\/2\/#\/schema\/logo\/image\/","url":"https:\/\/etecjardimangela.com.br\/2\/wp-content\/uploads\/2025\/11\/Logo-Fundo-Mais-Claro.png","contentUrl":"https:\/\/etecjardimangela.com.br\/2\/wp-content\/uploads\/2025\/11\/Logo-Fundo-Mais-Claro.png","width":2500,"height":1000,"caption":"Etec Jardim \u00c2ngela"},"image":{"@id":"https:\/\/etecjardimangela.com.br\/2\/#\/schema\/logo\/image\/"},"sameAs":["https:\/\/www.facebook.com\/etecja\/","https:\/\/www.instagram.com\/etecja\/"]}]}},"_links":{"self":[{"href":"https:\/\/etecjardimangela.com.br\/2\/wp-json\/wp\/v2\/pages\/5770","targetHints":{"allow":["GET"]}}],"collection":[{"href":"https:\/\/etecjardimangela.com.br\/2\/wp-json\/wp\/v2\/pages"}],"about":[{"href":"https:\/\/etecjardimangela.com.br\/2\/wp-json\/wp\/v2\/types\/page"}],"author":[{"embeddable":true,"href":"https:\/\/etecjardimangela.com.br\/2\/wp-json\/wp\/v2\/users\/5"}],"replies":[{"embeddable":true,"href":"https:\/\/etecjardimangela.com.br\/2\/wp-json\/wp\/v2\/comments?post=5770"}],"version-history":[{"count":0,"href":"https:\/\/etecjardimangela.com.br\/2\/wp-json\/wp\/v2\/pages\/5770\/revisions"}],"wp:attachment":[{"href":"https:\/\/etecjardimangela.com.br\/2\/wp-json\/wp\/v2\/media?parent=5770"}],"curies":[{"name":"wp","href":"https:\/\/api.w.org\/{rel}","templated":true}]}}